4
Evaluate 7 - (-8 - (-7 - 4)).
4
Calculate -4 + (-1 - 1 - (-1 + -2)).
-3
Evaluate (22 - 18) + (-2 + 1 - 3).
0
Calculate 1 + (-5 + 13 + -4 - 2).
3
Calculate 0 + -7 + -1 + 13 + -10.
-5
0 + (-6 - ((-11 - 1) + 2))
4
-3 + 5 + (-2 - 3)
-3
What is 7 - (5 + -1) - 1?
2
What is the value of (-10 - -3) + (-18 - -19)?
-6
(-1 - (-4 - 1) - 2) + -8
-6
Evaluate 3 - (-6 - (-16 - -6)).
-1
Calculate -21 - -8 - (-15 + 2).
0
-6 + -1 + 6 + 6 - 9
-4
What is the value of -7 - -5 - 2 - (1 - 0)?
-5
2 + 2 + (-13 - -9)
0
What is -4 - (0 + -12) - 3?
5
Evaluate -2 - -5 - 0 - (-7 - -7).
3
Evaluate 2 + (-5 - -6) + -6.
-3
What is the value of (13 - 6) + 0 + -10?
-3
Calculate 1 + (1 - (4 - (0 - -2))).
0
What is 5 + -3 + (0 - (2 + -1))?
1
What is 0 + -6 - (5 + -13 + 2)?
0
Evaluate 0 + 0 - 0 - -5.
5
Calculate (-1 + 2 - (-8 + 10)) + -1.
-2
-5 + -1 + 15 + -4
5
-35 + 35 - (2 + 3)
-5
Evaluate 2 + 4 + -1 + -5.
0
-5 - 1 - -7 - 5
-4
What is 2 + -3 - (-3 - -2)?
0
Calculate 2 - 1 - (1 + 2) - 3.
-5
What is -3 + -4 + (1 - 5 - -3)?
-8
What is the value of (3 - 9) + 1 + 3?
-2
Evaluate 0 + 9 - 3 - (-7 + 9).
4
0 + 2 + 2 + -3
1
What is the value of 3 + (-2 - 10) + 7 - -7?
5
What is -5 + 2 - (11 + -10)?
-4
What is 8 - (-10 - (-11 - 0))?
7
-2 - (6 - 2 - 5)
-1
What is the value of 11 - (-3 + -3 - -12)?
5
Evaluate 3 - (2 - (2 + 0)).
3
-7 + 1 + (-1 - -4) + 4
1
3 - (1 - (5 + (3 - 5)))
5
What is the value of 12 + -2 + -6 + 1?
5
Evaluate (16 - 9) + -7 + 4.
4
What is the value of -5 + (-2 - -3) - -1 - -3?
0
2 + -2 + (0 + 3 - 4)
-1
What is the value of (5 - 2) + (-3 - 0 - -4)?
4
Evaluate -2 + 0 + (7 - (-1 + 3)).
3
Evaluate -11 + (12 + -8 - -3).
-4
What is the value of 4 + 2 + 2 + -5?
3
Calculate 0 + (0 + -3 - -2).
-1
What is the value of 2 - (5 - 7) - (2 + -2)?
4
What is the value of -3 - (10 - 2) - (-2 + -2)?
-7
Evaluate -3 + 7 + -3 + -13 + 5.
-7
-3 + (7 + 0 - 2)
2
0 + 5 + -8 + 5
2
-2 + (-3 - -1) + (12 - 10)
-2
What is (-15 - -12) + 7 + 1?
5
Evaluate 3 - (-1 + -1 - (19 - 24)).
0
What is -1 - (-3 - (1 + -2 + -5))?
-4
Evaluate -2 + 3 + (6 - (-4 - -9)).
2
Evaluate -3 + -5 + (-3 - -7).
-4
What is the value of 4 + ((-3 - 3) + 11 - 8)?
1
Evaluate -9 + 15 + (-2 - 5) + 9.
8
Calculate 4 + -3 + -3 + (2 - 5).
-5
Evaluate 12 - (-6 - (-21 + 8)).
5
Calculate 16 + 10 + -25 + 7.
8
Calculate 1 - 0 - (3 + 3).
-5
What is the value of -8 + 6 + -1 + 2?
-1
Calculate -95 + 79 + (9 - -1).
-6
What is the value of 7 - ((-9 - -6) + 3)?
7
What is -5 + -4 + 11 + 2?
4
What is the value of 0 + 1 + (3 - 6 - 1)?
-3
(4 - 3 - -1) + (14 - 11)
5
What is the value of -5 + (7 + 1 - 4)?
-1
What is 6 - 3 - (3 + -3 + -1)?
4
(2 - 11 - -3) + (-73 - -73)
-6
Calculate 0 - 4 - (-2 - 1 - -5).
-6
Calculate 4 - (1 + 4 + (1 - -2)).
-4
-6 - (0 - 3 - -1)
-4
Evaluate -4 + 2 + 1 + -8 + 13.
4
What is 115 - 119 - (-5 - (0 - -1))?
2
What is the value of -2 + -1 + 3 + -4 - -4?
0
What is the value of -5 + -3 + 3 + -2 + 3?
-4
-1 - (6 - (-5 - -11 - -2))
1
What is (-5 - -7) + -6 - 0?
-4
What is 5 + -2 + -9 - (-11 - -6)?
-1
Calculate -12 + -2 + 9 + 12.
7
Evaluate -18 + -7 + 17 + 2 + 4.
-2
What is the value of (16 - 0) + 8 + 4 + -17?
11
What is the value of 1 + 2 + 2 + 0 + -1?
4
Calculate 24 + -10 + -1 + -3 - 5.
5
What is (-7 - (-7 - -2)) + 7?
5
Calculate -47 + 50 + -9 + 0.
-6
Evaluate 5 - (-7 + 19 - 2).
-5
Calculate 0 - (5 + -3 + (-11 - -5)).
4
What is -9 + 13 - (6 - 3)?
1
Calculate 3 + -11 + 2 + -2.
-8
Evaluate 1 + (10 + -5 + -1 - 1).
4
(-1 - 4 - -2) + 21 + -18
0
What is the value of -1 + 8 - (-10 - 0 - -28)?
-11
Calculate 30 + -37 - (1 - 16 - 3).
11
Evaluate (-2 - 1 - -1) + (-5 - -13).
6
1 + (1 - -5) + -6 + 3
4
What is -12 + -3 + (5 - -4)?
-6
What is the value of 3 + (1 - -1) - (-24 - -28)?
1
What is the value of -1 + (9 - (-12 - -14))?
6
What is the value of 0 - ((3 - 5) + -1 + 5)?
-2
What is the value of -1 + (-4 - (-2 - (-1 + -1)))?
-5
What is the value of 16 + -18 + (1 - 3) - -9?
5
Evaluate 10 - 3 - 5 - -7.
9
Evaluate (-3 - -13 - 5) + 1 + -2.
4
What is the value of (57 - 54) + 3 + -2 + 0?
4
0 + -9 + 3 + -4 + 5
-5
What is 5 + 7 + (-5 - -6 - 7)?
6
3 - (3 - 3) - -1
4
Calculate 1 + -3 - (-2 - 2 - 1).
3
-2 + (3 - (3 - (-7 - -7)))
-2
Evaluate -6 + -10 + 2 + 18 + -3.
1
What is the value of 1 + -3 + (-37 - -42)?
3
What is -5 + (5 - 12) + 11?
-1
Evaluate 14 - (11 + -4 + 0).
7
7 - 0 - (4 - 2)
5
What is -12 + (-5 - (-1 - 7))?
-9
Calculate -3 - -1 - (-9 + 6) - 0.
1
10 + -15 + 7 + -2
0
Evaluate 3 + -3 + 4 + -4 + -1.
-1
Calculate -2 + 11 + -9 + 1.
1
Calculate 1 - (7 + (3 - (5 - 2))).
-6
Evaluate -1 - ((3 - (0 + -2)) + -4).
-2
What is (-2 - -2) + -1 + (7 - 2)?
4
-3 + 6 - (2 + 1)
0
2 + (4 - (3 + 0)) + -6
-3
Calculate 1 + (-8 - (1 + -3) - -11).
6
What is the value of 1 - (2 + -2 + -3)?
4
What is (-4 - (3 + -3 + -3)) + 2?
1
-7 + -1 + 5 - -2
-1
What is the value of (4 - -1) + (1 - 1) - 13?
-8
Calculate -3 - 2 - (-2 - (4 + -1)).
0
Evaluate 7 - 0 - (9 + -1 + 1).
-2
-34 - -37 - (2 - (-2 + 0))
-1
What is the value of 0 + 1 + 1 + 1?
3
Calculate 3 + -4 - (1 - 7) - 1.
4
Calculate (-6 + 3 - -2) + 4.
3
Calculate (3 - (-1 - -8)) + 4 + -1.
-1
Evaluate -8 + -7 + 3 - -7.
-5
What is the value of -1 + (0 - -2) + -4?
-3
Evaluate (-6 - 2 - -2) + -1 + 5.
-2
Calculate 13 + (-8 - 8) + -2 + 7.
2
1 - (2 + -2 + 3)
-2
Calculate 23 - 23 - (4 + 5 - 3).
-6
What is the value of 1 + -3 - (-19 - -14) - -3?
6
What is the value of (-1 - 1 - (4 - 10)) + -4?
0
Evaluate (-5 - -4 - -1) + 4 - 6.
-2
What is -1 - ((-2 - -6) + (-16 - -7))?
4
Calculate -21 + -1 + -154 + 167.
-9
What is the value of 1 + 4 + (6 - 9)?
2
What is the value of 15 - (11 + 3) - 5?
-4
What is (6 - (1 + 0)) + -4 + -4?
-3
What is the value of 0 - 1 - (-2 - 7 - -6)?
2
What is (17 - 8) + -17 - -9?
1
Calculate 20 - 22 - (-5 + 0).
3
Calculate (1 - -8) + -9 - -4.
4
Evaluate 0 + (0 - (5 - 3)).
-2
What is the value of (-22 - -16) + 1 + 2?
-3
-5 - -13 - (3 + -1 + 1)
5
(-4 - -6) + 3 + -4
1
What is the value of -10 + 12 + 3 + -12 + 1?
-6
What is (0 - (-14 - 1)) + -8?
7
(7 + -4 - -4 - 1) + -6
0
2 - (6 + -3 - 2)
1
Evaluate (-3 - -3) + (5 - (4 + 7)).
-6
What is -8 + (7 - (2 - -1))?
-4
Evaluate -3 - (-23 + 12 + -3).
11
What is -3 + (9 + -1 - (4 - 0))?
1
What is the value of (-11 - -9) + -12 + 4 + 5?
-5
What is the value of -5 + 4 + -3 + -9 + 16?
3
Calculate (1 + 4 - (21 + -17)) + 5.
6
-8 + 3 + (4 + 4 - 6)
-3
Evaluate 3 + -2 + -21 + 3 + 15.
-2
Evaluate (-10 - -6) + -2 - -5.
-1
What is the value of (0 - (6 + -10)) + -2?
2
What is 1 + 7 - (37 - 24)?
-5
Evaluate 10 + (3 - (4 - 1)) + -5.
5
(-1 - 4) + -2 + 8 - 1
0
Calculate (-1 - -3) + -2 - (109 - 111).
2
Calculate -1 + 11 + -7 + (-8 - -10).
5
(5 - 5) + 11 + -1 + -2
8
What is the value of (22 - 31) + (1 - -1) - -3?
-4
Evaluate -5 - (-2 - (1 - 1) - 1).
-2
Evaluate (-4 - -3 - -1) + 5 + 0.
5
What is the value of 2 + -2 + 0 + (-1 - -2)?
1
Calculate 4 + 5 - 6 - (-1 + 1).
3
What is 69 + -72 - (-1 - 0 - -2)?
-4
What is the value of 6 + 0 + -1 + -5?
0
8 - 0 - -1 - 10
-1
Evaluate 4 - (0 + 1) - -1.
4
-3 - (-1 - (-6 + 4 - 4))
-8
3 + 0 + 6 + -5 - 5
-1
Calculate 6 - (-2 - -3 - 0).
5
What is 7 + 1 + (-10 - 5)?
-7
Calculate 9 + -7 + -13 - -7.
-4
What is -7 + (2 - 11) + 11?
-5
Calculate (-3 - -5) + (6 - 3 - 2).
3
Calculate -5 - (-10 - 6) - 8.
3
Evaluate 6 + (-11 - ((-7 - -5) + 4)).
-7
What is the value of -2 + -3 + 3 - 6 - -2?
-6
What is the value of -4 - (-3 - (-4 - -5))?
0
Evaluate 0 + 1 - (-4 + 7 - 4).
2
2 - (-6 - (-2 + -4))
2
Calculate -1 + 0 + 1 + -2.
-2
Calculate 3 - (-1 + (3 - 1)).
2
What is the value of -5 + 2 - (0 + 0)?
-3
What is the value of 3 - -1 - 5 - -4 - 6?
-3
Evaluate 4 + (4 - -1 - 4).
5
Evaluate 3 + (5 - (3 - (7 - 5))).
7
9 - 0 - (8 + 1)
0
What is -1 + 1 - (6 + 8 + -15)?
1
What is the value of 2 + (5 - (3 - -2)) - 3?
-1
Calculate 115 - 107 - (1 + 4).
3
2 + (-2 - -1 - (-1 - 3))
5
1 + -7 - (1 + -5 + 0)
-2
3 - (-1 + -4 + 9) - 0
-1
What is 4 + -8 + (1 - 1) + 5?
1
What is the value of 2 + -7 + -3 - -10?
2
(1 - -1) + (3 - (0 - 0))
5
What is (69 - 68) + -1 + 1?
1
Evaluate 10 + 0 + -10 - (1 - 11).
10
4 - (4 - 3 - -2)
1
What is -9 + -1 - -7 - (-4 + -2)?
3
What is -1 + 4 + -3 + -3 + 2?
-1
What is the value of -2 - (1 + -6) - (-5 - -9)?
-1
Calculate 1 + (-3 - -4 - (1 - -5)).
-4
Calculate 2 + (-3 - 4) + 6.
1
What is the value of 1 + (-3 - (-1 + -3 + 4))?
-2
What is the value of -8 - (-6 + (-8 - -1)) - 10?
-5
What is the